i(u) = 3*u + 2. Let t(g) = g**3 + 23*g**2 - 3*g - 51. Let o be t(-23). Let q be (o/36)/(1*2/8). What is i(q)?
8
Let z(r) be the third derivative of r**5/60 + r**4/24 - 4*r**3/3 - 63*r**2. Determine z(-5).
12
Suppose -9*f = 4*j - 6*f - 28, -j + 4*f + 7 = 0. Let m = -193 - -195. Let u(t) = 10 + 5*t - t**3 + 6*t + 6*t**2 + m*t**2 - 20*t. Determine u(j).
-4
Let r be 23/7 + 35/49. Let t(g) = 4*g**2 + 2*g + 5. Calculate t(r).
77
Let b(d) = d**3 - 4*d**2 - 5*d - 5. Suppose -105 = -15*p - 30. Give b(p).
-5
Let y be 3/(6/20) + -1. Let p = y + -5. Let m(v) be the second derivative of -v**3/6 - v**2 + 20*v. Give m(p).
-6
Let o(t) be the first derivative of t**3/3 - 2*t**2 + 4*t + 1. Let i = -78 - -74. Let f be (8 - 1) + 3/(3/i). Calculate o(f).
1
Let p(v) = 11*v**3 - 5*v**2 - 2*v. Let j(t) = 2*t**3 - t. Let u(k) = 5*j(k) - p(k). Give u(3).
9
Let a(x) = -x**2 + x + 2. Suppose -3*d = 8 - 62. Let h = -11 + d. Suppose l + 2 = h, 4*v - 15 = -3*l. What is a(v)?
2
Let j(l) = -l - 5. Let z = -46 + 45. Let g be (-15)/(3/1) + (z - -2). Calculate j(g).
-1
Let c(s) be the second derivative of s**4/12 - 7*s**3/6 - 2*s**2 - 80*s. Let f be (-9)/((-1)/1) + -2. Determine c(f).
-4
Let u be -20 + 20 - (-2 - (-2)/(-2)). Let s be 44/33 + (-28)/u. Let y(m) = m**3 + 9*m**2 + 9*m + 1. What is y(s)?
-7
Let k(s) = 6*s. Let w = 43 - 62. Let j = -27 - w. Let a = j - -6. Determine k(a).
-12
Let y(p) = -6*p. Let h(m) = 7*m - 114. Let s be h(17). Determine y(s).
-30
Let a(w) be the second derivative of 7*w**4/12 + w**3/6 + w**2 + 223*w. What is a(-2)?
28
Suppose 34*y - 36*y + 10 = 0. Let j be (-136)/56 + y - 6/(-14). Let g(q) = -q**3 + 5*q**2 - 3*q - 3. What is g(j)?
6
Let w(l) = -l**3 - l**2 - 33. Let i be 2 + 9/(-117) + 50/(-26). Give w(i).
-33
Let c(x) = 11*x - 1 - 2*x - 2*x. Let l = -3378 - -3375. Determine c(l).
-22
Let j = -20 + 24. Let v(t) = -t + 2. Let n be v(j). Let y(p) be the first derivative of p**2/2 + 4*p - 2. Give y(n).
2
Let n(m) = -2*m + 5. Suppose 17*u = 96 - 11. What is n(u)?
-5
Let h be (0 - -3)/((-31)/(-31)). Let m(x) = -x**3 + 4*x**2 + x - 4. Give m(h).
8
Let c(a) = a**2 + 4*a - 1. Suppose -3 = 4*y - 6*y - 3*z, 4*z + 10 = 2*y. Suppose 3*w = 5*g + 16, -g = 4*w + y + 14. Determine c(w).
-4
Let v(i) be the third derivative of -i**4/24 - i**3/6 + i**2. Let y = -138 + 138. Suppose 74*n - 68*n - 24 = y. Calculate v(n).
-5
Let d(v) = -v + 1. Let c(a) = a**2 + 4*a - 12. Let i be c(-7). Let q be (7/(-21))/((-3)/i). Calculate d(q).
0
Let t(x) be the second derivative of x**7/210 - x**6/360 - x**3 + 8*x. Let q(c) be the second derivative of t(c). Determine q(-1).
-5
Let u(m) = -12*m**2 + 6*m - 1. Let l be u(1). Let v(x) = 5*x + 12. Determine v(l).
-23
Let n(l) = -6*l - 1. Suppose -5*o - 150 + 145 = 0. Calculate n(o).
5
Let o(n) = -n**3 + 18*n**2 - 28*n - 67. Let k be o(16). Let l(c) = 5*c**2 + 4*c + 2. Give l(k).
35
Let u(k) = k**3 + 0 - 4*k**3 + k**2 - 1 + 2*k**3. Let t(f) = -7*f**3 + 6*f**2 - 24. Let l(v) = -t(v) + 6*u(v). What is l(0)?
18
Let x(i) = 4*i**3 + 38*i**2 + 11. Let v(d) = 5*d**3 + 50*d**2 + 15. Let s(q) = -7*v(q) + 9*x(q). Determine s(7).
-55
Let m(h) = h**3 + 6*h**2 + h - 3. Suppose 6*a = -18 - 18. Give m(a).
-9
Let v(r) be the first derivative of r**4/3 + r**3/6 + 12*r**2 + 12. Let w(g) be the second derivative of v(g). What is w(-3)?
-23
Let n(x) = -5*x**3 + 6*x**3 - 3*x**2 - 6*x**2 + x - 6 - 3. What is n(9)?
0
Let d(g) be the first derivative of 1/4*g**4 - 15 + g - 4/3*g**3 - g**2. What is d(4)?
-7
Let c(w) = -w**2 - w + 1. Let x(g) = g**3 - 7*g**2 - g - 1. Let m(l) = -2*c(l) + x(l). What is m(5)?
2
Let t(b) be the first derivative of -7*b**2/2 + 3*b - 1. Suppose 0 = 11*q + 86 - 108. Calculate t(q).
-11
Let n be 1 + -2 - ((-21)/3 + 2). Suppose 3*t - 5*t + 11 = -w, -4*w = n*t - 16. Let m(v) be the first derivative of -2*v**3/3 + 1. Calculate m(w).
-2
Let v(n) = -n**2 - n - 2. Let b(f) = 5*f**2 + 4*f + 14. Let t(q) = b(q) + 6*v(q). Determine t(-2).
2
Suppose -m + 18 - 7 = 12. Let s(r) = 4 - 3 + 4*r - 2*r + 2*r**2 + 4*r**3. Determine s(m).
-3
Let q(t) = -t - 14. Suppose 3*k + 7 = -2. Let u(v) = -19*v + 3. Let y be u(k). Let z be (-6)/(-9) + y/(-9). Calculate q(z).
-8
Let x(i) be the second derivative of -1/2*i**3 + 0 - 29*i - 1/12*i**4 - i**2. What is x(-4)?
-6
Let t(i) = -4*i**2 + 9*i - 9. Let u(f) = -9*f**2 + 19*f - 18. Let y(s) = -7*t(s) + 3*u(s). Let q be y(4). Let z(a) = -3*a**2 + 2 - 2*a + 1 - 2. What is z(q)?
-4
Let s(j) = -21*j - 55. Let t be s(-2). Let i(r) = -r + 13. What is i(t)?
26
Suppose u = 7*u - 18. Suppose b + 1 = u. Let f(s) = 4*s**2 - 3*s**2 + 3*s**2 - 3 - 5*s**2 + 4*s. Calculate f(b).
1
Let z(j) = -j - 1. Let l(o) = 2*o. Let x(b) = l(b) + z(b). Suppose -97*r + 14 = 305. Give x(r).
-4
Let c(o) = -11*o + 71. Let l(i) = -5*i + 36. Let j(u) = -2*c(u) + 5*l(u). What is j(12)?
2
Let w(x) = -3*x**2 - 13*x**3 + 7 - 5*x - 2*x**2 - 2*x + 14*x**3. Give w(6).
1
Let w(x) = -6*x + 2. Let h = -327 - -328. What is w(h)?
-4
Let i(d) = -5*d**2 - 20. Let u(n) = 2*n**2 + 7. Let o(t) = 6*i(t) + 17*u(t). Calculate o(2).
15
Let a(z) = -14*z - 8. Let b be (-201)/(-12) + 5/20. Let o(r) = -5*r - 3. Let i(p) = b*o(p) - 6*a(p). Give i(7).
-10
Let k(d) = 2*d**2 - 20*d - 30. Let s(p) = p**2 - 10*p - 15. Let a(z) = -6*k(z) + 13*s(z). What is a(11)?
-4
Let o(i) = -i - 1. Let r(w) = -w + 7. Suppose 4*x - 2*y + 2 = 0, -5*y + 18 = 3*x - 0*x. Let j(t) = x*r(t) - 2*o(t). Give j(-7).
2
Let q(f) = -2*f**2 + 37*f - 58. Let s be q(17). Let y(c) = c**3 - c**2 - c. Let h(r) = -r**3 + 10*r**2 + 8*r + 10. Let t(k) = h(k) + 2*y(k). What is t(s)?
17
Let b(h) = -6 + 4 + 6*h - 9*h + 2*h - 9*h**2 + 3. Give b(1).
-9
Let o(q) = 0*q - 6071 + 6068 + q. Give o(5).
2
Let j be (-2 + 11/4)*4. Let v(y) = 0*y + j*y**2 + 4*y**2 + y**3 - 7*y + 3 + 8*y. Calculate v(-7).
-4
Let x(a) = a**2 - 2*a**2 + 4 + 2*a + a. Suppose 0*w - 4*r = 3*w + 8, 41 = 4*w - 5*r. Calculate x(w).
0
Let f(q) = 7*q**3 + 26*q**2 + 20*q + 14. Let c(s) = -s**3 - 2*s**2 - s - 2. Let m(b) = -5*c(b) - f(b). Give m(-7).
3
Let f(w) = w**3 + 4*w**2 + 3. Suppose 7*h + 116 = 88. Give f(h).
3
Let o(d) = -d**3 + 2*d**2 + 4*d. Let r be o(3). Let a(l) = 0*l**2 + 2*l - l - l**2 - r + 2*l. Determine a(3).
-3
Suppose 4*f - 14 + 6 = 0. Let i(g) = 4 - 625*g + 8 + f + 624*g. Suppose -3*t - t + 24 = 0. What is i(t)?
8
Suppose i - 11*i + 4*i = 0. Let n(j) be the second derivative of 0*j**2 + i - 5/6*j**3 + 4*j. What is n(1)?
-5
Let l(w) = -w + 5. Suppose 0 = -3*a + 18 - 3. Suppose 6 = 2*n - 0. Suppose -3 = -o + n*f + 15, a*f + 20 = 0. Calculate l(o).
-1
Suppose 0 = 2*k + h - 9, k + 4*h + 12 = 9*h. Let y(q) = -q**2 + 5*q - 10. What is y(k)?
-4
Let f(x) be the first derivative of 3*x**2 - 27 - 1/3*x**3 - 3*x. What is f(3)?
6
Let c(z) be the third derivative of -1/20*z**5 + 0*z**3 + 0 + 8*z**2 + 1/12*z**4 + 1/360*z**6 + 0*z. Let i(p) be the second derivative of c(p). Determine i(6).
6
Suppose -3*p - 2*o = 10, o = -2*p + 4*o + 15. Let r(l) = -4 + 2 + l**2 + l + 3. Let q(y) = -y**2 - 2*y - 8. Let m(k) = q(k) + 2*r(k). Determine m(p).
-6
Suppose -3*w + 6*w = 9. Let f(a) = -a + 91. Let u(d) = -d + 73. Let h(l) = -4*f(l) + 5*u(l). Determine h(w).
-2
Let r(y) = y**2 - y - 2. Let w be r(3). Suppose 2*s + w*a = -6, -3*s + 7*s + 2 = -3*a. Let x(m) = 0*m**2 + s + m**3 + 4 + 0*m**2. What is x(0)?
5
Let o(k) = 3*k**2 + k - 1. Suppose -21*d + 25*d - 4 = 0. Calculate o(d).
3
Suppose -4*x - 6 - 2 = 0. Let n be (0 + x)*2/(-4). Let f(s) = -5*s + 1. What is f(n)?
-4
Let w be (-1 + (-26)/(-6))*(-3825)/(-30). Let v(z) = z + 4 - 426*z**2 + w*z**2 - z. What is v(-3)?
-5
Let m(b) be the third derivative of -b**6/720 - b**5/40 - b**4/3 + 12*b**2. Let r(y) be the second derivative of m(y). Determine r(6).
-9
Let q = 82/11 - 235/33. Let b(r) be the first derivative of 7/2*r**2 + 5 + 2*r + q*r**3. What is b(-6)?
-4
Let s(n) be the third derivative of n**5/30 + n**4/6 + n**3/2 - n**2. Let t(l) = 3*l - 28. Let w be t(8). Let x be 6/w + (-16)/32. Calculate s(x).
3
Let m(o) = -4*o**3 - o**2 - o - 1. Suppose -q + 4*y = 2*q - 82, 4*y = 4*q - 108. Let z = q - 17. Let j be (-2)/z - (-14)/(-18). Determine m(j).
3
Let n(c) = -c**3 + 6*c**2 + 8*c - 2. Let y be n(7). Suppose -13 = y*l + 7. Let k(f) = 0 + 0 + f**3 + 2 + 2 + 5*f**2 + 5*f. What is k(l)?
0
Let k(g) be the third derivative 